f s and 70.
10
Suppose -5*y = -21 + 1. Suppose y*r - r = 12. Suppose -r*w = -26 - 6. What is the greatest common divisor of w and 56?
8
Suppose 3*o = o - 4, -a + 3*o + 8 = 0. Suppose 2*r = -6, 2*r = -4*t - a*r + 76. Calculate the greatest common divisor of t and 198.
22
Let a be (15/9 - 1)/(3/2376). What is the greatest common factor of a and 48?
48
Suppose -4*l + 3*n = -289, -6*l + l = 4*n - 338. What is the highest common factor of l and 42?
14
Suppose 47*q - 52*q - d + 351 = 0, -4*q = -3*d - 296. Calculate the highest common factor of 2 and q.
1
Let t(m) = m**3 + 6*m**2 + 5*m + 2. Let h be t(-5). Let k be (0 + -6)*(-4)/3. Suppose 3*x - k = -x. What is the highest common factor of x and h?
2
Suppose -2*t - 270 + 292 = 0. Calculate the highest common divisor of 143 and t.
11
Let l = 1214 - 1106. Calculate the greatest common factor of 540 and l.
108
Suppose 8*l - 80 = 16. What is the greatest common factor of l and 660?
12
Suppose 0 = -4*p - 4*x + 40, p - 8 = -p - 5*x. Let v be 210/2 + -13*(-42)/78. What is the highest common factor of p and v?
14
Suppose 26*r + 936 = 44*r. What is the greatest common divisor of r and 676?
52
Let f = -1449 - -2394. Calculate the greatest common divisor of 35 and f.
35
Let b = -37 - -9. Let q(m) = m + 54. Let i be q(b). What is the greatest common factor of i and 13?
13
Let z(u) = -45*u + 512. Let t be z(11). Let m = 7 + 10. What is the greatest common factor of m and t?
17
Suppose -6*v + 30 = -v. Suppose 25 = -5*t, h - v*t = -4*t + 35. Calculate the greatest common divisor of h and 100.
25
Let f(w) = 57*w**2 - 23*w - 9. Let p(x) = 28*x**2 - 11*x - 5. Let u(a) = -3*f(a) + 7*p(a). Let h be u(4). What is the greatest common divisor of 45 and h?
45
Let s = -23 + 38. Suppose -6*g + 21 = -s. Calculate the greatest common divisor of 9 and g.
3
Suppose 38 = -5*l - 22. Let d be 1/(-6) + (-38)/l. Let f be 1/((-2)/(-96)*2). What is the highest common factor of f and d?
3
Suppose -4*i - 12 = -4*z, z + z = -2*i + 2. Let r be i/4 + (-1498)/(-8). Calculate the highest common factor of 17 and r.
17
Suppose 5*w = 3*d + 123, 0 = 2*d - 82 + 84. Suppose 2 = -2*v, g - v + 23 = 4*g. Calculate the greatest common factor of w and g.
8
Let i(p) = p**3 + 7*p**2 - 45*p + 13. Let w be i(-11). What is the greatest common divisor of w and 176?
8
Let o(q) be the second derivative of -q**4/12 - 5*q**3/6 + 12*q**2 + 11*q. Let l be o(-7). What is the greatest common divisor of l and 50?
10
Let j = -862 + 506. Let p = -387 - -960. Let t = p + j. What is the greatest common factor of 31 and t?
31
Let w(k) = 21*k - 196. Let h be w(12). Calculate the highest common divisor of 112 and h.
56
Let f(m) = -22*m + 10. Let o be f(-13). Suppose 145 = 4*p - d, 3*p + 3*d = 5*p - 65. Calculate the greatest common factor of p and o.
37
Suppose -7*z - t + 239 = -5*z, -4*t + 476 = 4*z. Calculate the highest common factor of 270 and z.
30
Suppose 0 = -9*y + 13109 - 689. Calculate the greatest common divisor of y and 60.
60
Suppose -10*o + a + 341 = -5*o, -2*o + 141 = -5*a. Calculate the greatest common factor of 14 and o.
2
Let n be (1 + -12)/(((-18)/12)/(-3)). Let v = -18 - n. Calculate the greatest common factor of v and 4.
4
Let m be 7*(4 - 116/14). Let a = m + 36. Calculate the greatest common factor of a and 3.
3
Suppose -41 = -5*x + 19. Suppose -1176 = -38*d + 24*d. Calculate the greatest common factor of x and d.
12
Let w = -390 + 218. Let b = w + 244. What is the highest common divisor of b and 9?
9
Let f(y) = y + 8. Let j be f(6). Suppose 2*k + j = h - 3, -3*k = 3. Let t = -15289 + 15454. What is the greatest common divisor of h and t?
15
Let c(f) = 221*f + 1. Let a be c(1). What is the greatest common factor of a and 6?
6
Let h(v) = -33*v**2 - 1. Let j be h(-1). Let l = j - -62. Let b(x) = x**3 + 5*x**2 - 4*x - 6. Let k be b(-5). What is the highest common factor of k and l?
14
Let a = 558 - 553. Calculate the greatest common factor of 55 and a.
5
Let b be (1464/14)/(60/420). What is the highest common divisor of 12 and b?
12
Let a(x) = x**2 + 15*x - 19. Let q be a(-18). Suppose 11 = -5*d - 4. Let o = q + d. Calculate the greatest common divisor of o and 8.
8
Let c = 52 + -25. Calculate the highest common divisor of c and 45.
9
Let s(x) be the third derivative of -71*x**4/24 + x**3/3 - 6*x**2. Let k be s(-2). Calculate the greatest common factor of 16 and k.
16
Suppose 5*c - 128 = -2*r, 36 = c + 8*r - 5*r. What is the highest common divisor of 3 and c?
3
Let q = 470 + -344. What is the greatest common factor of 72 and q?
18
Let u(j) = 3*j**2 + 2*j - 2. Let t be u(3). Let h = 67 - t. Let z = 193 - 189. Calculate the highest common divisor of z and h.
4
Let c(v) = 6*v**3 + v - 1. Let n = -2 + 3. Let k be c(n). Suppose -k = -r + 3. What is the highest common divisor of r and 18?
9
Suppose -l = 12*l. Suppose l = -q + 4*u + u + 498, 5*q = -u + 2360. Calculate the greatest common factor of q and 43.
43
Suppose -5*f + 48 = -47. Calculate the highest common divisor of 209 and f.
19
Let q(r) = 15*r**2 + 3*r + 1. Let y be q(-2). Let z = 79 - y. What is the highest common factor of z and 3?
3
Let x = -38 + 83. Let n be x/(-1)*-4*4/24. Suppose -3*m = -2*m - 15. What is the highest common divisor of m and n?
15
Let j be (4/10)/(1/10). Suppose g - 44 = -2*g + j*n, 2*n + 10 = 0. Calculate the greatest common factor of 64 and g.
8
Let n be (-4)/(-4) - -1*35. Calculate the highest common factor of 18 and n.
18
Let c = -8 + 13. Suppose -2*g - 17 = w, -c*g = w + 46 + 1. Let o be 2/g + (-5760)/(-50). What is the highest common factor of o and 46?
23
Let m be (441/196)/(1/84*3). Calculate the greatest common divisor of m and 2709.
63
Let a be (2 + 1)*(-16)/(-24). Let w be (-16)/a*(-2)/8. What is the greatest common divisor of 18 and w?
2
Suppose -5*i = -25*i + 820. Calculate the highest common divisor of i and 943.
41
Let s(n) = 16*n + 162. Let d be s(-10). Calculate the highest common divisor of d and 178.
2
Suppose -8 = -5*r + 412. Let f = 128 - r. Calculate the highest common factor of f and 11.
11
Let z be 1*-44 + -4 + 0. Let g = z + 103. What is the greatest common factor of g and 5?
5
Suppose 61*q = -291 + 4561. What is the highest common factor of q and 600?
10
Let u be ((-24)/(-10))/(2/10). Let x(d) = -24*d. Let p(c) = c**2 - 8*c - 13. Let b be p(9). Let m be x(b). Calculate the highest common factor of m and u.
12
Let j(x) = -6*x - 1. Let g be j(-1). Suppose 75 - 12 = 3*n. Suppose g*z - 321 = -n. What is the highest common factor of z and 24?
12
Let g(f) = -7*f**3 - f. Let r(y) = -y**2 + 6*y - 9. Let o be r(4). Let n be g(o). What is the highest common factor of n and 72?
8
Let y(l) = 86*l - 10. Let t be y(6). What is the highest common divisor of 22 and t?
22
Let m be (-4)/(-14) - 20/(-28). Let g be m/((-2)/8*(-4)/7). Calculate the greatest common divisor of g and 14.
7
Let q(a) = 16*a**2 + 3*a - 5. Let u = 7 + -2. Suppose u*h + 3 = 13. Let i be q(h). What is the greatest common factor of 13 and i?
13
Let h be (7568/24*(4 - 1))/2. What is the highest common factor of h and 11?
11
Let w be ((-24)/14)/((-8)/28). Let y be 3/(w/(-34)) + 0. Let p = -5 - y. What is the highest common divisor of 84 and p?
12
Let w = 501 + -792. Let v be (-5)/((-30)/w)*2. Let b = 169 + v. What is the greatest common factor of b and 9?
9
Let o = 18 + -33. Let c be o*(0 + 3)/((-9)/2). Calculate the highest common factor of 15 and c.
5
Let m(t) = t**3 + 2*t**2 + 2. Let f be m(0). Let c = f - -6. Calculate the greatest common factor of 88 and c.
8
Suppose 12*c + 40 = 2*w + 7*c, w - 3*c - 21 = 0. Calculate the highest common divisor of 15 and w.
15
Let n(w) = -8*w - 1. Let t be n(-2). Let z(u) = -u**3 - 5*u**2 + 4. Let g be z(-4). Let b be (g/4 + 8)/1. What is the highest common factor of b and t?
5
Suppose -2*p - 54 = -7*d + 3*d, -2*d = -5*p - 39. Let m(o) = o**3 - 2*o**2 - o + 6. Let f be m(3). What is the highest common factor of d and f?
12
Let p(j) = -3*j**2 + 26*j. Let q be p(4). What is the highest common divisor of 16 and q?
8
Let u be (-102 - -2)*8/(-20). Suppose u = -7*z + 166. Suppose j - z = k - 2*k, -5*j = -k + 42. What is the greatest common factor of 55 and k?
11
Let l(s) = 2*s**2 - 10*s + 2. Let z be l(5). Suppose -z*b + 60 = 2*c, b = -b + 4*c + 48. What is the greatest 